{"id":872,"date":"2018-08-30T16:33:24","date_gmt":"2018-08-30T19:33:24","guid":{"rendered":"https:\/\/ispba-cha.infd.edu.ar\/sitio\/plantel-institucional\/"},"modified":"2022-04-23T17:21:24","modified_gmt":"2022-04-23T20:21:24","slug":"plantel-institucional","status":"publish","type":"page","link":"https:\/\/ispba-cha.infd.edu.ar\/sitio\/plantel-institucional\/","title":{"rendered":"Plantel Institucional"},"content":{"rendered":"<p style=\"text-align: center;\">\n<p><img decoding=\"async\" loading=\"lazy\" style=\"font-size: 10pt;\" src=\"https:\/\/ispba-cha.infd.edu.ar\/sitio\/wp-content\/uploads\/2018\/08\/Cristian_Lopez.png\" width=\"88\" height=\"121\" border=\"0\" \/>\u00a0 \u00a0<span style=\"font-size: 10pt;\"><strong>Profesor Cristian Osmar L\u00f3pez:\u00a0<\/strong><\/span><span style=\"font-size: 10pt;\">Las Tics y la Ense\u00f1anza en las \u00a0Artes Visuales \u2013 Fundamentos Visuales del Arte I<\/span><\/p>\n<p><img decoding=\"async\" loading=\"lazy\" style=\"font-size: 10pt;\" src=\"https:\/\/ispba-cha.infd.edu.ar\/sitio\/wp-content\/uploads\/2018\/08\/Ledesma.png\" width=\"87\" height=\"122\" border=\"0\" \/>\u00a0 \u00a0<span style=\"font-size: 10pt;\"><strong>Profesora Mirta Fabiana Ledesma:\u00a0<\/strong><\/span><span style=\"font-size: 10pt;\">Pedagog\u00eda \u2013 Pr\u00e1ctica Docente II \u2013 Historia y Pol\u00edtica de la Educaci\u00f3n Argentina<\/span><\/p>\n<p><span style=\"font-size: 10pt;\"><img decoding=\"async\" loading=\"lazy\" src=\"https:\/\/ispba-cha.infd.edu.ar\/sitio\/wp-content\/uploads\/2018\/08\/Fabiani.png\" width=\"87\" height=\"119\" border=\"0\" \/>\u00a0\u00a0<strong>Profesora Fabiana Alejandra Fabiani:\u00a0<\/strong><\/span><span style=\"font-size: 10pt;\">Fundamentos Visuales del Arte I \u2013 Dibujo III<\/span><\/p>\n<p><span style=\"font-size: 10pt;\"><img decoding=\"async\" loading=\"lazy\" src=\"https:\/\/ispba-cha.infd.edu.ar\/sitio\/wp-content\/uploads\/2018\/08\/Gianneschi.png\" width=\"88\" height=\"130\" border=\"0\" \/>\u00a0 <strong>Profesora Mar\u00eda Itat\u00ed Gianneschi:\u00a0<\/strong><\/span><span style=\"font-size: 10pt;\">Historia del Arte Visual II<\/span><\/p>\n<p><span style=\"font-size: 10pt;\"><img decoding=\"async\" loading=\"lazy\" src=\"https:\/\/ispba-cha.infd.edu.ar\/sitio\/wp-content\/uploads\/2018\/08\/IMG-20151208-WA0007-1.jpg\" width=\"88\" height=\"130\" border=\"0\" \/>\u00a0\u00a0<strong>Profesor Pedro Rafael G\u00f3mez:\u00a0<\/strong><\/span><span style=\"font-size: 10pt;\">Did\u00e1ctica General \u2013 Metodolog\u00eda de la Investigaci\u00f3n<\/span><\/p>\n<p><span style=\"font-size: 10pt;\"><img decoding=\"async\" loading=\"lazy\" src=\"https:\/\/ispba-cha.infd.edu.ar\/sitio\/wp-content\/uploads\/2018\/08\/Moyanesi.png\" width=\"88\" height=\"128\" border=\"0\" \/>\u00a0\u00a0<strong>Profesora Liliana Alcira Moyanesi:\u00a0<\/strong><\/span><span style=\"font-size: 10pt;\">Pedagog\u00eda &#8211; Did\u00e1ctica General \u2013 Sociolog\u00eda y Antropolog\u00eda \u2013 Pr\u00e1ctica Docente II<\/span><\/p>\n<p><img decoding=\"async\" loading=\"lazy\" src=\"https:\/\/ispba-cha.infd.edu.ar\/sitio\/wp-content\/uploads\/2018\/08\/2016-08-11_11.36.42-1.jpg\" width=\"89\" height=\"132\" border=\"0\" \/>\u00a0\u00a0<span style=\"font-size: 10pt;\"><strong>Profesora Mar\u00eda Celeste Reinoso:\u00a0<\/strong><\/span><span style=\"font-size: 10pt;\">Filosof\u00eda y Est\u00e9tica<\/span><\/p>\n<p><span style=\"font-size: 10pt;\"><img decoding=\"async\" loading=\"lazy\" src=\"https:\/\/ispba-cha.infd.edu.ar\/sitio\/wp-content\/uploads\/2018\/08\/Azas.png\" width=\"93\" height=\"128\" border=\"0\" \/>\u00a0\u00a0<strong>Profesora Claudia Alejandra Azas:\u00a0<\/strong><\/span><span style=\"font-size: 10pt;\">Alfabetizaci\u00f3n Acad\u00e9mica &#8211; Semi\u00f3tica<\/span><\/p>\n<p><span style=\"font-size: 10pt;\"><img decoding=\"async\" loading=\"lazy\" src=\"https:\/\/ispba-cha.infd.edu.ar\/sitio\/wp-content\/uploads\/2018\/08\/Oplanich.png\" width=\"90\" height=\"128\" border=\"0\" \/>\u00a0\u00a0<strong>Profesora Adriana Oplanich:<\/strong>\u00a0<\/span><span style=\"font-size: 10pt;\">Escultura II<\/span><\/p>\n<p><img decoding=\"async\" loading=\"lazy\" style=\"font-size: 10pt;\" src=\"https:\/\/ispba-cha.infd.edu.ar\/sitio\/wp-content\/uploads\/2018\/08\/KUrelak.png\" width=\"89\" height=\"134\" border=\"0\" \/>\u00a0 \u00a0<span style=\"font-size: 10pt;\"><strong>Profesora Viviana Carina Kurelak:\u00a0<\/strong><\/span><span style=\"font-size: 10pt;\">Grabado II \u2013 Fundamentos Visuales del Arte III &#8211;\u00a0<\/span><span style=\"font-size: 10pt;\">Grabado III \u2013 Grabado\u00a0<\/span><\/p>\n<p><img decoding=\"async\" loading=\"lazy\" src=\"https:\/\/ispba-cha.infd.edu.ar\/sitio\/wp-content\/uploads\/2018\/08\/14355156_1650095688635566_1453261970911498772_n.jpeg\" width=\"91\" height=\"123\" border=\"0\" \/>\u00a0 \u00a0 \u00a0<span style=\"font-size: 10pt;\"><strong>Profesora Amalia Andrea Lukaszuk:\u00a0<\/strong><\/span><span style=\"font-size: 10pt;\">Psicolog\u00eda Educacional<\/span><\/p>\n<p><span style=\"font-size: 10pt;\"><img decoding=\"async\" loading=\"lazy\" src=\"https:\/\/ispba-cha.infd.edu.ar\/sitio\/wp-content\/uploads\/2018\/08\/Magu_Roda.png\" width=\"99\" height=\"135\" border=\"0\" \/>\u00a0 \u00a0<strong>Profesor Ram\u00f3n Alcides Roda:<\/strong>\u00a0<\/span><span style=\"font-size: 10pt;\">Grabado I<\/span><\/p>\n<p><span style=\"font-size: 10pt;\"><img decoding=\"async\" loading=\"lazy\" src=\"https:\/\/ispba-cha.infd.edu.ar\/sitio\/wp-content\/uploads\/2018\/08\/Campestrini.png\" width=\"96\" height=\"130\" border=\"0\" \/>\u00a0 \u00a0<strong>Profesora Cristina Luisa Campestrini:<\/strong><\/span><span style=\"font-size: 10pt;\">\u00a0Tic en Educaci\u00f3n<\/span><\/p>\n<p><span style=\"font-size: 10pt;\"><img decoding=\"async\" loading=\"lazy\" src=\"https:\/\/ispba-cha.infd.edu.ar\/sitio\/wp-content\/uploads\/2018\/08\/Moly.png\" width=\"96\" height=\"142\" border=\"0\" \/>\u00a0 \u00a0<strong>Profesora Mercedes Gregoria Molina:\u00a0<\/strong><\/span><span style=\"font-size: 10pt;\">Fundamentos Visuales III &#8211; Residencia Pedag\u00f3gica en los Niveles Inicial y Primario &#8211; Residencia Pedag\u00f3gica en los Niveles Secundario y Superior<\/span><\/p>\n<p><img decoding=\"async\" loading=\"lazy\" style=\"font-size: 10pt;\" src=\"https:\/\/ispba-cha.infd.edu.ar\/sitio\/wp-content\/uploads\/2018\/08\/Chezzi.png\" width=\"98\" height=\"147\" border=\"0\" \/><span style=\"font-size: 10pt;\">\u00a0 \u00a0<\/span><strong style=\"font-size: 10pt;\">Profesor Emilio Chezzi:\u00a0<\/strong><span style=\"font-size: 10pt;\">Historia del Arte Visual I<\/span><\/p>\n<p><span style=\"font-size: 10pt;\"><img decoding=\"async\" loading=\"lazy\" src=\"https:\/\/ispba-cha.infd.edu.ar\/sitio\/wp-content\/uploads\/2018\/08\/Ana_Maria_Medina.png\" width=\"98\" height=\"125\" border=\"0\" \/>\u00a0 \u00a0<strong>Profesora Ana Mar\u00eda Medina: <\/strong>E<\/span><span style=\"font-size: 10pt;\">scultura III \u2013 Escultura IV &#8211; Producci\u00f3n Art\u00edstica en Escultura<\/span><\/p>\n<p><img decoding=\"async\" loading=\"lazy\" style=\"font-size: 10pt;\" src=\"https:\/\/ispba-cha.infd.edu.ar\/sitio\/wp-content\/uploads\/2018\/08\/20151015_193625-1.jpg\" width=\"95\" height=\"150\" border=\"0\" \/><span style=\"font-size: 10pt;\">\u00a0 \u00a0<\/span><strong style=\"font-size: 10pt;\">Profesora Mar\u00eda Victoria Gonz\u00e1lez:\u00a0<\/strong><span style=\"font-size: 10pt;\">Producci\u00f3n Art\u00edstica en Grabado<\/span><\/p>\n<p><img decoding=\"async\" loading=\"lazy\" style=\"font-size: 10pt;\" src=\"https:\/\/ispba-cha.infd.edu.ar\/sitio\/wp-content\/uploads\/2018\/08\/Acun_a.png\" width=\"92\" height=\"147\" border=\"0\" \/><span style=\"font-size: 10pt;\">\u00a0 \u00a0<\/span><strong style=\"font-size: 10pt;\">Profesor Juan Vicente Acu\u00f1a:\u00a0<\/strong><span style=\"font-size: 10pt;\">Semi\u00f3tica<\/span><\/p>\n<p><img decoding=\"async\" loading=\"lazy\" style=\"font-size: 10pt;\" src=\"https:\/\/ispba-cha.infd.edu.ar\/sitio\/wp-content\/uploads\/2018\/08\/Rojido.png\" width=\"92\" height=\"147\" border=\"0\" \/><span style=\"font-size: 10pt;\">\u00a0 \u00a0<\/span><strong style=\"font-size: 10pt;\">Profesor Marcelo Humberto Rojido:\u00a0<\/strong><span style=\"font-size: 10pt;\">Grabado IV<\/span><\/p>\n<p><span style=\"font-size: 10pt;\"><img decoding=\"async\" loading=\"lazy\" src=\"https:\/\/ispba-cha.infd.edu.ar\/sitio\/wp-content\/uploads\/2018\/08\/lucia_foto.png\" width=\"90\" height=\"139\" border=\"0\" \/>\u00a0 \u00a0<span style=\"font-size: 10pt;\"><strong>Profesora Luc\u00eda Bel\u00e9n Colman:\u00a0<\/strong><\/span><\/span><span style=\"font-size: 10pt;\"><span style=\"font-size: 10pt;\">Pr\u00e1ctica Docente I \u2013 Pr\u00e1ctica Docente II<\/span><\/span><\/p>\n<p style=\"text-align: center;\">\n<p style=\"text-align: center;\"><span style=\"font-size: 10pt;\"><strong><span style=\"text-decoration: underline;\">Jefe de Bedeles:<\/span><\/strong><\/span><\/p>\n<p style=\"text-align: left;\"><span style=\"font-size: 10pt;\"><strong><img decoding=\"async\" loading=\"lazy\" src=\"https:\/\/ispba-cha.infd.edu.ar\/sitio\/wp-content\/uploads\/2018\/08\/Bety_2.png\" width=\"93\" height=\"141\" border=\"0\" \/>\u00a0\u00a0<\/strong><strong>Profesora\u00a0<\/strong><\/span><strong><span style=\"font-size: 10pt;\">Beatriz Ben\u00edtez<\/span><\/strong><\/p>\n<p><strong>Bedeles:<\/strong><\/p>\n<p style=\"text-align: left;\">\n<p><span style=\"font-size: 10pt;\"><img decoding=\"async\" loading=\"lazy\" src=\"https:\/\/ispba-cha.infd.edu.ar\/sitio\/wp-content\/uploads\/2018\/08\/Juan_Diego.png\" width=\"92\" height=\"135\" border=\"0\" \/>\u00a0 \u00a0<strong>Se\u00f1or\u00a0Juan Diego Danuzzo<\/strong><\/span><\/p>\n<p style=\"text-align: center;\">\n<p style=\"text-align: center;\"><span style=\"font-size: 10pt;\"><strong><span style=\"text-decoration: underline;\">Ayudantes de Trabajos Pr\u00e1cticos<\/span><\/strong>:<\/span><\/p>\n<p style=\"text-align: left;\"><span style=\"font-size: 10pt;\">\u00a0<\/span><\/p>\n<p><span style=\"font-size: 10pt;\"><img decoding=\"async\" loading=\"lazy\" src=\"https:\/\/ispba-cha.infd.edu.ar\/sitio\/wp-content\/uploads\/2018\/08\/Lili_modelo.png\" width=\"96\" height=\"124\" border=\"0\" \/>\u00a0 \u00a0<strong>Se\u00f1ora\u00a0Liliana Dom\u00ednguez<\/strong><\/span><\/p>\n<p><span style=\"font-size: 10pt;\"><img decoding=\"async\" loading=\"lazy\" src=\"https:\/\/ispba-cha.infd.edu.ar\/sitio\/wp-content\/uploads\/2018\/08\/Lazarte.png\" width=\"91\" height=\"120\" border=\"0\" \/>\u00a0 \u00a0<strong>Se\u00f1or\u00a0Daniel Lazarte<\/strong><\/span><\/p>\n<p style=\"text-align: center;\">\n<p style=\"text-align: center;\"><strong><span style=\"text-decoration: underline;\"><span style=\"font-size: 10pt;\">Maestranza<\/span><\/span><\/strong><\/p>\n<p style=\"text-align: left;\"><strong><span style=\"text-decoration: underline;\"><span style=\"font-size: 10pt;\"><img decoding=\"async\" loading=\"lazy\" src=\"https:\/\/ispba-cha.infd.edu.ar\/sitio\/wp-content\/uploads\/2018\/08\/siluetaPersona.gif\" width=\"87\" height=\"115\" border=\"0\" \/><\/span><\/span><span style=\"font-size: 10pt;\"> \u00a0 \u00a0 <\/span><span style=\"font-size: 10pt;\">Se\u00f1or\u00a0<\/span><span style=\"font-size: 13.3333px;\">Armando Insaurralde<\/span><\/strong><\/p>\n<p><span style=\"font-size: 13.3333px;\"><img decoding=\"async\" loading=\"lazy\" src=\"https:\/\/ispba-cha.infd.edu.ar\/sitio\/wp-content\/uploads\/2018\/08\/Belkys.png\" width=\"95\" height=\"129\" border=\"0\" \/>\u00a0 \u00a0<strong>Se\u00f1ora\u00a0<\/strong><\/span><strong><span style=\"font-size: 13.3333px;\">Belkys Encina<\/span><\/strong><\/p>\n<p><strong><span style=\"font-size: 13.3333px;\"><img decoding=\"async\" loading=\"lazy\" src=\"https:\/\/ispba-cha.infd.edu.ar\/sitio\/wp-content\/uploads\/2018\/08\/siluetaPersona.gif\" width=\"87\" height=\"115\" border=\"0\" \/>\u00a0 \u00a0 \u00a0Se<\/span><span style=\"font-size: 13.3333px;\">\u00f1ora\u00a0<\/span><span style=\"font-size: 13.3333px;\">Patricia Gonz\u00e1lez<\/span><\/strong><\/p>\n<p><strong><span style=\"font-size: 13.3333px;\"><img decoding=\"async\" loading=\"lazy\" src=\"https:\/\/ispba-cha.infd.edu.ar\/sitio\/wp-content\/uploads\/2018\/08\/jose.png\" width=\"95\" height=\"139\" border=\"0\" \/>\u00a0 \u00a0 \u00a0Se\u00f1or Jos\u00e9 Ayala<\/span><\/strong><\/p>\n<p><strong><span style=\"font-size: 10pt;\">\u00a0<\/span><\/strong><\/p>\n","protected":false},"excerpt":{"rendered":"<p>\u00a0 \u00a0Profesor Cristian Osmar L\u00f3pez:\u00a0Las Tics y la Ense\u00f1anza en las \u00a0Artes Visuales \u2013 Fundamentos Visuales del Arte I \u00a0 \u00a0Profesora Mirta Fabiana Ledesma:\u00a0Pedagog\u00eda \u2013 Pr\u00e1ctica Docente II \u2013 Historia y Pol\u00edtica de la Educaci\u00f3n Argentina \u00a0\u00a0Profesora Fabiana Alejandra Fabiani:\u00a0Fundamentos Visuales del Arte I \u2013 Dibujo III \u00a0 Profesora Mar\u00eda Itat\u00ed Gianneschi:\u00a0Historia del Arte Visual &#8230; <a title=\"Plantel Institucional\" class=\"read-more\" href=\"https:\/\/ispba-cha.infd.edu.ar\/sitio\/plantel-institucional\/\" aria-label=\"More on Plantel Institucional\">[+]<\/a><\/p>\n","protected":false},"author":8,"featured_media":0,"parent":0,"menu_order":0,"comment_status":"closed","ping_status":"closed","template":"","meta":[],"acf":[],"_links":{"self":[{"href":"https:\/\/ispba-cha.infd.edu.ar\/sitio\/wp-json\/wp\/v2\/pages\/872"}],"collection":[{"href":"https:\/\/ispba-cha.infd.edu.ar\/sitio\/wp-json\/wp\/v2\/pages"}],"about":[{"href":"https:\/\/ispba-cha.infd.edu.ar\/sitio\/wp-json\/wp\/v2\/types\/page"}],"author":[{"embeddable":true,"href":"https:\/\/ispba-cha.infd.edu.ar\/sitio\/wp-json\/wp\/v2\/users\/8"}],"replies":[{"embeddable":true,"href":"https:\/\/ispba-cha.infd.edu.ar\/sitio\/wp-json\/wp\/v2\/comments?post=872"}],"version-history":[{"count":1,"href":"https:\/\/ispba-cha.infd.edu.ar\/sitio\/wp-json\/wp\/v2\/pages\/872\/revisions"}],"predecessor-version":[{"id":1096,"href":"https:\/\/ispba-cha.infd.edu.ar\/sitio\/wp-json\/wp\/v2\/pages\/872\/revisions\/1096"}],"wp:attachment":[{"href":"https:\/\/ispba-cha.infd.edu.ar\/sitio\/wp-json\/wp\/v2\/media?parent=872"}],"curies":[{"name":"wp","href":"https:\/\/api.w.org\/{rel}","templated":true}]}}