{"id":286,"date":"2016-10-31T13:17:59","date_gmt":"2016-10-31T16:17:59","guid":{"rendered":"https:\/\/ispba-cha.infd.edu.ar\/sitio\/?page_id=286"},"modified":"2026-03-04T19:19:20","modified_gmt":"2026-03-04T22:19:20","slug":"inicio","status":"publish","type":"page","link":"https:\/\/ispba-cha.infd.edu.ar\/sitio\/","title":{"rendered":"Inicio"},"content":{"rendered":"<div id=\"metaslider-id-403\" style=\"width: 100%;\" class=\"ml-slider-3-33-0 metaslider metaslider-flex metaslider-403 ml-slider ms-theme-default\" role=\"region\" aria-roledescription=\"Slideshow\" aria-label=\"Slideshow\">\n    <div id=\"metaslider_container_403\">\n        <div id=\"metaslider_403\" class=\"flexslider\">\n            <ul aria-live=\"polite\" class=\"slides\">\n                <li style=\"display: block; width: 100%;\" class=\"slide-607 ms-image\" aria-roledescription=\"slide\" aria-label=\"slide-607\"><a href=\"https:\/\/mapa.infd.edu.ar\/\" target=\"_blank\"><img src=\"https:\/\/ispba-cha.infd.edu.ar\/sitio\/wp-content\/uploads\/2018\/06\/mapa_infd6-1100x200.png\" height=\"200\" width=\"1100\" alt=\"\" class=\"slider-403 slide-607\" title=\"mapa_infd6\" \/><\/a><\/li>\n                <li style=\"display: none; width: 100%;\" class=\"slide-609 ms-image\" aria-roledescription=\"slide\" aria-label=\"slide-609\"><a href=\"https:\/\/www.argentina.gob.ar\/educacion\/becas\" target=\"_blank\"><img src=\"https:\/\/ispba-cha.infd.edu.ar\/sitio\/wp-content\/uploads\/2018\/06\/becas7-1100x200.png\" height=\"200\" width=\"1100\" alt=\"\" class=\"slider-403 slide-609\" title=\"becas7\" \/><\/a><\/li>\n                <li style=\"display: none; width: 100%;\" class=\"slide-635 ms-image\" aria-roledescription=\"slide\" aria-label=\"slide-635\"><a href=\"https:\/\/www.argentina.gob.ar\/tema\/estudiar\/formacion-docencia\" target=\"_blank\"><img src=\"https:\/\/ispba-cha.infd.edu.ar\/sitio\/wp-content\/uploads\/2018\/06\/convocatorias_slide6-1-1100x200.png\" height=\"200\" width=\"1100\" alt=\"\" class=\"slider-403 slide-635\" title=\"convocatorias_slide6-1\" \/><\/a><\/li>\n            <\/ul>\n        <\/div>\n        \n    <\/div>\n<\/div>\n<p style=\"text-align: right;\"><span style=\"color: #0000ff;\">\u00a0<\/span><i><span style=\"font-weight: 400;\">\u201c<strong>Ense\u00f1ar no es transferir conocimiento,\u00a0<\/strong><\/span><\/i><\/p>\n<p style=\"text-align: right;\"><strong><i>sino crear las posibilidades para su producci\u00f3n o su construcci\u00f3n.<\/i><\/strong><\/p>\n<p style=\"text-align: right;\"><strong><i>Quien ense\u00f1a aprende al ense\u00f1ar<\/i><\/strong><\/p>\n<p style=\"text-align: right;\"><strong><i>y quien\u00a0 ense\u00f1a aprende a aprender\u201d<\/i><\/strong><\/p>\n<p style=\"text-align: right;\"><strong><i>Paulo Freire<\/i><\/strong><\/p>\n<p><!--more--><\/p>\n<p><img decoding=\"async\" loading=\"lazy\" class=\"alignnone  wp-image-1156\" src=\"https:\/\/ispba-cha.infd.edu.ar\/sitio\/wp-content\/uploads\/2024\/03\/imagen-1.jpg\" alt=\"\" width=\"90\" height=\"120\" \/>El I.S.P.E.A.B.A. est\u00e1 ubicado en Avda. Wilde y Marcelo T. de Alvear, de la Ciudad de Resistencia provincia del Chaco. En el a\u00f1o 2009 cumplio 50 a\u00f1os . Tiene la premisa de reconocer a la Educaci\u00f3n Art\u00edstica como un campo de conocimiento a ser considerado por<br \/>las pol\u00edticas p\u00fablicas educativas, sociales, culturales y productivas en el contexto contempor\u00e1neo, conforme se establece en la\u00a0 Ley de Educaci\u00f3n Nacional N\u00b0 26.206.<\/p>\n<div class=\"wpb_text_column wpb_content_element \">\n<div class=\"wpb_wrapper\">\n<ul>\n<li><span style=\"color: #0000ff;\"><em>MISI\u00d3N<\/em><\/span><\/li>\n<\/ul>\n<\/div>\n<\/div>\n<div class=\"wpb_text_column wpb_content_element \">\n<div class=\"wpb_wrapper\">\n<p>Es una instituci\u00f3n\u00a0 de educaci\u00f3n superior no universitaria que tiene como misi\u00f3n, educar para la vida a trav\u00e9s de las artes , el dise\u00f1o y sus disciplinas afines, generando condiciones para la formaci\u00f3n de un ciudadano integral, aut\u00f3nomo, participativo, creativo y comprometido en la construcci\u00f3n y transformaci\u00f3n de los procesos culturales de la provincia, la regi\u00f3n y del pa\u00eds. En ese\u00a0 contexto, propone\u00a0 la formaci\u00f3n de profesores y\u00a0 artistas profesionales con un alto nivel de calidad, \u00e9tica y desempe\u00f1o, para lo cual ofrece carreras de\u00a0 <strong>Profesorado en Artes Visuales con orientaci\u00f3n en Grabado o Escultura o Pintura,<\/strong>\u00a0 y\u00a0<strong> Talleres de Expresi\u00f3n Art\u00edstica (Dibujo-Pintura-Grabado-Escultura).<\/strong><\/p>\n<\/div>\n<\/div>\n<div class=\"wpb_text_column wpb_content_element \">\n<div class=\"wpb_wrapper\">\n<ul>\n<li><em><span style=\"color: #0000ff;\">VISI\u00d3N<\/span><\/em><\/li>\n<\/ul>\n<\/div>\n<\/div>\n<div class=\"wpb_text_column wpb_content_element \">\n<div class=\"wpb_wrapper\">\n<p>El I.S.P.E.A.B.A.,\u00a0 ser\u00e1\u00a0 al 2030 una instituci\u00f3n innovadora, reconocida por la alta calidad de su oferta formativa, la investigaci\u00f3n-creaci\u00f3n, la extensi\u00f3n y proyecci\u00f3n social, sus procesos organizativos y el impacto en los territorios.<\/p>\n<\/div>\n<\/div>\n<p style=\"text-align: center;\">\u00a0<\/p>\n<p style=\"text-align: center;\"><span style=\"font-family: comic sans ms,sans-serif; font-size: 12pt;\">\u00a0<img decoding=\"async\" title=\"iluminada\" src=\"https:\/\/ispba-cha.infd.edu.ar\/sitio\/wp-content\/uploads\/2018\/08\/fachada_iluminada.jpg\" alt=\"iluminada\" border=\"0\" \/><\/span><\/p>\n<p style=\"text-align: center;\">\u00a0<iframe loading=\"lazy\" style=\"border: 0;\" src=\"https:\/\/www.google.com\/maps\/embed?pb=!1m18!1m12!1m3!1d3540.7314633901215!2d-58.99206858546252!3d-27.446478482900666!2m3!1f0!2f0!3f0!3m2!1i1024!2i768!4f13.1!3m3!1m2!1s0x94450c6046cd618b%3A0x41309335e22a27f7!2sInstituto+Superior+del+Profesorado+de+Ense%C3%B1anza+Art%C3%ADstica+Bellas+Artes!5e0!3m2!1ses-419!2sar!4v1477656634816&amp;wmode=transparent\" width=\"475\" height=\"356\" frameborder=\"0\" allowfullscreen=\"allowfullscreen\"><\/iframe><!--more--><\/p>\n<p style=\"text-align: center;\">\u00a0<\/p>\n<p><span style=\"font-family: arial black,avant garde; color: #ff00ff;\">\u00a0<\/span><\/p>\n<p><span style=\"font-family: arial black,avant garde; color: #ff00ff;\"><span style=\"font-family: Verdana;\">\u00a0<\/span><\/span><\/p>\n<p><span style=\"font-family: arial black,avant garde; color: #ff00ff;\"><span style=\"font-family: Verdana;\">\u00a0<\/span><\/span><\/p>\n","protected":false},"excerpt":{"rendered":"<p>\u00a0\u201cEnse\u00f1ar no es transferir conocimiento,\u00a0 sino crear las posibilidades para su producci\u00f3n o su construcci\u00f3n. Quien ense\u00f1a aprende al ense\u00f1ar y quien\u00a0 ense\u00f1a aprende a aprender\u201d Paulo Freire<\/p>\n","protected":false},"author":1,"featured_media":0,"parent":0,"menu_order":0,"comment_status":"closed","ping_status":"closed","template":"","meta":[],"acf":[],"_links":{"self":[{"href":"https:\/\/ispba-cha.infd.edu.ar\/sitio\/wp-json\/wp\/v2\/pages\/286"}],"collection":[{"href":"https:\/\/ispba-cha.infd.edu.ar\/sitio\/wp-json\/wp\/v2\/pages"}],"about":[{"href":"https:\/\/ispba-cha.infd.edu.ar\/sitio\/wp-json\/wp\/v2\/types\/page"}],"author":[{"embeddable":true,"href":"https:\/\/ispba-cha.infd.edu.ar\/sitio\/wp-json\/wp\/v2\/users\/1"}],"replies":[{"embeddable":true,"href":"https:\/\/ispba-cha.infd.edu.ar\/sitio\/wp-json\/wp\/v2\/comments?post=286"}],"version-history":[{"count":91,"href":"https:\/\/ispba-cha.infd.edu.ar\/sitio\/wp-json\/wp\/v2\/pages\/286\/revisions"}],"predecessor-version":[{"id":1225,"href":"https:\/\/ispba-cha.infd.edu.ar\/sitio\/wp-json\/wp\/v2\/pages\/286\/revisions\/1225"}],"wp:attachment":[{"href":"https:\/\/ispba-cha.infd.edu.ar\/sitio\/wp-json\/wp\/v2\/media?parent=286"}],"curies":[{"name":"wp","href":"https:\/\/api.w.org\/{rel}","templated":true}]}}